 484. Let s = r - g. What is the tens digit of s?
6
Suppose -2*d + 358 = 4*c, -3*c - 265 = -6*c - 5*d. Let o = c - -71. Suppose 6*g - 5*g - o = 0. What is the units digit of g?
1
Let t be ((-4)/5)/(30/(-900)). Let l = t + -24. Suppose 418 = -l*j + 5*j - 2*v, 425 = 5*j + 5*v. What is the tens digit of j?
8
Suppose -8*g + 9*g - 4 = 0. Suppose 8*f - 196 = g*f. Suppose -f = 8*t - 9*t. What is the units digit of t?
9
Suppose -4*q + 108197 = v - 71296, -5*q + 224319 = -4*v. What is the hundreds digit of q?
8
Let l(d) = 11*d**3 - 5*d**2 - 2*d - 23. Let a be l(7). Suppose 5*g - p = a, g = -3*p + 385 + 310. What is the units digit of g?
8
Let t be 2/4 - 5994/(-12). Suppose -t*b + 497*b + 606 = 0. What is the hundreds digit of b?
2
Let n(o) = 2*o**3 - 15*o**2 + 8*o + 2. Let s be n(7). Suppose -1173 = s*j - 7770. What is the tens digit of j?
3
Let u(y) = -27 + 30 + 9*y - 27. Suppose 5*r - 61 = -o, 5*o + 1 = 6*o. What is the tens digit of u(r)?
8
Let p = 49 - 57. Let s = -40 - p. Let h = 77 + s. What is the tens digit of h?
4
Suppose -27*z + 0*z = -115020. Let t = z - 2465. What is the hundreds digit of t?
7
Let j = 12 + -21. Let x be 3/j - 142/6. What is the units digit of ((-27)/2 - -1)/(4/x)?
5
Let z(g) = 29*g + 2. Let b = -241 + 123. Let w = 125 + b. What is the tens digit of z(w)?
0
Let w(t) = -t**2 + 3*t + 18. Let r be w(-8). Suppose 0 = -3*a - 2*a + 140. Let o = a - r. What is the units digit of o?
8
Suppose 0*g = g - 1, -k + 8 = -2*g. Suppose -k*a + 23 + 357 = 0. Suppose -2*w = -w - a. What is the units digit of w?
8
Suppose -g = 3*c - 115, c - 25 = -0*c + 3*g. Let u = c - 32. Suppose 208 = -d + u*d. What is the tens digit of d?
5
Suppose -67*s + 16*s + 61050 - 13620 = 0. What is the hundreds digit of s?
9
Let u(i) be the third derivative of -i**6/120 + 7*i**5/60 - i**4/8 + 13*i**2. Let g be u(5). Suppose x - g = -0. What is the tens digit of x?
3
Suppose 5*n = 2*u - 0*u + 682, -4*n - 5*u + 539 = 0. Let t = 143 - -97. Let y = t - n. What is the tens digit of y?
0
Suppose -3*p = 15*h - 14*h - 100826, -h = -5*p + 168038. What is the hundreds digit of p?
6
Let m = -42 + 47. Suppose 5*d + 2*j + 307 = 0, m*j - 26 - 30 = d. Let w = d + 124. What is the tens digit of w?
6
Let t be -1*(-5 - -7) - -18. Suppose 18*m - t*m = 326. What is the hundreds digit of m?
1
Suppose -49*r + 871819 = -448002 - 380577. What is the thousands digit of r?
4
Let c = -513 - -72. What is the hundreds digit of (c + 3)*(-2 + 20/15)?
2
Suppose -u = 4*q - 12, 5*u + 2*q + 1 = -11. Let z be 20/70 - u/(-14). Suppose z = -3*w - w + 164. What is the units digit of w?
1
What is the units digit of -1*(-28)/28*(-21820)/(-5)?
4
Suppose 5*n + 9188 = -5*b + 79933, 3*n = 5*b - 70785. What is the units digit of b?
4
Let v be 9 - -9*(4 - 5). Suppose v*t = 5*t + 10, -1618 = -4*r + t. What is the units digit of r?
4
Suppose 0 = 5*l + 19902 - 63229 - 9303. What is the hundreds digit of l?
5
Let c = -151 + 154. What is the units digit of 3 + (-21)/c + 655?
1
Let o(d) = 5 - 2*d + 0*d - 13 + 6*d. Let b be o(2). Suppose 2 = 2*k - 4*f, f + b = 2*k - 17. What is the tens digit of k?
1
Let i be (23/(-4) + 5)*-4. Suppose 5*k - 25 = 0, -3*z + i*k = -z - 149. What is the units digit of z?
2
Let y be -2 - (0 + -1) - 33/3. Let i be 8/y + (-28)/(-6). Suppose -10*j + 708 = -i*j. What is the hundreds digit of j?
1
Let z(n) = n**3 - 43*n**2 + 46*n - 660. What is the units digit of z(49)?
0
Let a be (-15)/6*(-160)/(-100). What is the units digit of 2922/9 - 0 - a/12?
5
Let j be 3/9 - 3367/21. What is the tens digit of ((-10)/(-6))/(j/(-9792))?
0
Suppose 3*i - 342 = 3*v, 3*i = -0*v + v + 338. Let n = 531 - i. What is the units digit of n?
9
Let j(v) = -4*v + 28. Let u be j(-7). What is the units digit of (u/98)/(2/1841)?
6
Let v = 411 - -273. Suppose -4*b - v - 282 = -5*h, 4*h - 773 = 3*b. Let q = -100 + h. What is the tens digit of q?
9
Suppose -43*o + 30*o + 1690 = 0. Let g = 182 + o. What is the tens digit of g?
1
Suppose 0 = -6*i + 9*i - 2*x - 28816, 2*x + 9608 = i. What is the units digit of i?
4
Suppose -70*l = 63*l - 998364 - 82660. What is the tens digit of l?
2
Suppose 2*s - q = -0*s + 151, -4*q = -4*s + 304. Suppose 4*m = y + 185 - 186, 5*m = y - 2. What is the units digit of 2 + 2 + y + s?
6
Let i be ((-904)/24)/((-3)/18). Suppose 0 = -2*h + h + i. What is the units digit of h?
6
Let h(r) be the second derivative of 17*r**3/3 - 117*r**2/2 - 22*r. What is the tens digit of h(6)?
8
Let p(d) = 20*d - 72. Let f be p(5). Suppose 3*y - 1516 = -30*r + f*r, y - 504 = -2*r. What is the tens digit of y?
0
Let g(s) = -14*s + 572. Let u = 11 + -11. What is the units digit of g(u)?
2
Suppose 5*i = -10, -2*i + 104 = 4*x - 0*i. Let s = x - 17. Suppose 265 = s*j - 575. What is the units digit of j?
4
Let t(u) = 2066*u + 1346. What is the ten thousands digit of t(30)?
6
Suppose -3*r + 5*z + 27416 = 0, 4*z - 8*z - 16 = 0. What is the hundreds digit of r?
1
Let j = 668 - 997. What is the hundreds digit of (-18)/(3 - (-994)/j)?
8
Suppose -277 = 4*m + 4727. Let v = m + 1854. What is the units digit of v?
3
Suppose -3*g = -1 + 4, -30953 = -3*u - 4*g. What is the tens digit of u?
1
Let q be ((-4)/6)/(-2)*0/6. Suppose 2*k - 5*x = -14, q = 2*x + 3*x - 20. Suppose -2 - 1 = t - i, 0 = k*t - 5*i + 19. What is the units digit of t?
2
Let d(m) = 74*m**2 - 28*m + 1. What is the thousands digit of d(9)?
5
Let i(t) = -44*t**3 - 7*t**2 + 8*t - 5. What is the tens digit of i(-4)?
6
Let b(l) = l**2 + 13*l + 14. Let j be b(-12). Let m(u) = -4*u + u**3 - 2*u + 6*u**2 - 2 + 4 + j. What is the tens digit of m(-5)?
5
Let u(f) be the second derivative of f**4/12 - 9*f**2/2 - 2*f. Let t be u(4). Suppose -t*i + 3*i = 12, -3*q + 3 = 2*i. What is the units digit of q?
3
Let u(q) = -q**3 + 7*q**2 - 7*q + 13. Let l be u(5). Let g = 10 - 16. Let t = g + l. What is the units digit of t?
2
Suppose 2*a - 1436 - 116 = 0. Let d = a - -106. Suppose 0 = 7*i + 2*i - d. What is the units digit of i?
8
Let r(x) = -901*x - 5355. What is the ten thousands digit of r(-60)?
4
Let v(s) = -40*s + 27. Let k be v(9). Let w = k + 420. What is the tens digit of w?
8
Let g be (-4)/(-8) + (-1 - (-225)/(-2)). Let k = g + 211. What is the tens digit of k?
9
Suppose 0 = -v - 2*y + 48896, -2*y + 244552 = 44*v - 39*v. What is the ten thousands digit of v?
4
Suppose x - 2 = 3*c, 26*x - 25*x + 5*c - 18 = 0. What is the units digit of 1528 + -5 + x + -4?
7
Let m(r) = r**3 + 7*r**2 + 13*r + 94. Let k be m(-7). What is the hundreds digit of (12 + -692)/(-5 + k)?
3
Suppose -30*j = -5*j - 1658475. What is the hundreds digit of j?
3
Let t(z) = z**3 - 5*z**2 + 8*z + 7. Let q(d) = 8*d - 27. Let p be q(4). What is the units digit of t(p)?
7
Let s be (-569)/((9 + -4)/5)*1. Let q = 114 - s. What is the hundreds digit of q?
6
Suppose 2*t = -3*l - 944, -3*t - 630 = 2*l - t. Let v(o) = 105*o - 439. Let h be v(9). Let d = h + l. What is the hundreds digit of d?
1
Let u = 10195 - 10200. Let h(m) = -m**2 - m - 1. Let z(j) = 10*j**2 + 7*j - 3. Let d(o) = 3*h(o) + z(o). What is the tens digit of d(u)?
4
What is the ten thousands digit of 1*27625 - (24 + -25)*-6?
2
Suppose 27 = 2*d - 55. Suppose 0 = 4*w + d - 29. What is the tens digit of (-706)/(-4) + w/(-2)?
7
Let c = -1097 + 2911. What is the tens digit of c?
1
Suppose -4*x + 5*j + 20288 = 0, -4*j - 20288 = -4*x - 7*j. Suppose -4*r + x - 1584 = 0. What is the hundreds digit of r?
8
Suppose -2*n = -5*s - 9858, 0*n + 4*n - s - 19770 = 0. What is the thousands digit of n?
4
Let a(z) = 34*z**2 - 2. Let w be a(1). Let m be (5/10*w)/((-2)/(-64)). Suppose -m - 348 = -10*v. What is the units digit of v?
6
Suppose 0 = -12*o + 10 - 10. Suppose 25*j + 0*j - 10650 = o. What is the hundreds digit of j?
4
Let j(q) = 47486*q**2 - 22*q - 5. What is the ten thousands digit of j(-1)?
4
Let y(b) = 17*b + 28. Let a(k) = -11*k - 19. Let s(n) = 7*a(n) + 5*y(n). Suppose 14*u + 308 = 406. What is the tens digit of s(u)?
6
Suppose 2*k = 48 + 100. Suppose -18*a + k = -1312. What is the tens digit of a?
7
What is the thousands digit of (-2)/(-4) - 32/(1024/(-2249616))?
0
Suppose -5*l + 166 = 3*m - l, -3*l + 165 = 3*m. Let a = m + -50. Suppose -124 = -a*q - 9*f + 5*f, 4*q - 2*f - 94 = 0. What is the tens digit of q?
2
Let f be 2/7 - 5*8/140. Let h(b) = -b**2 + 2*b + 3. 